32 + 13 = 0. What is the highest common factor of 45 and q?
45
Let w(y) = -11*y - 10. Let q be w(-2). Calculate the greatest common divisor of 6 and q.
6
Let r = -19 + 19. Let h be ((-9)/(-2))/(3/28). Suppose -3*b = -r*b - h. Calculate the highest common divisor of b and 56.
14
Let i = 78 - -2. What is the greatest common factor of 20 and i?
20
Let w be 12 - -3*(-1 - 0). Suppose 0 = l - 9 - w. Let r be 0 + 38/2 + -1. Calculate the greatest common factor of r and l.
18
Let i = -36 + 52. Suppose -3*u + i = u. Suppose -m + x + 7 = -u*x, -2*m - 5*x + 14 = 0. What is the greatest common factor of 63 and m?
7
Let y = 20 + -14. Let d be (1 + 1)*(1 - 0). Suppose -1 = d*v - 5*a, -2*a = v + 2*a - 6. What is the greatest common factor of v and y?
2
Suppose 2*c - 5*i = -3*i + 110, -190 = -4*c - 2*i. Let y(j) = 8*j + 2 - 14*j - 4 + 4. Let p be y(-3). What is the highest common divisor of p and c?
10
Let l(p) = p**3 + 6*p**2 + 5*p + 3. Let c be l(-5). Suppose f - 3 = c. Let a be 9 - f - (0 + -7). Calculate the greatest common divisor of 80 and a.
10
Let s(o) = -o - 79. Let m be s(0). Let k = m - -155. Suppose 3*g + x + 11 - 67 = 0, -4*g = x - 75. What is the greatest common divisor of k and g?
19
Let q be 0 + 0 + -3 + -5. Let z = q + 15. Suppose -5*j - a + 38 = 0, -4*j + 0*j + 19 = -3*a. Calculate the greatest common factor of z and j.
7
Let t be (-64)/12*(-90)/(-8). Let y be t/12*(-32)/10. Calculate the highest common factor of 128 and y.
16
Let q(d) = -d**3 - 7*d**2 + 6. Let z be q(-7). Suppose -5*u + 10 = -0*w + 5*w, -2*w - 4*u + z = 0. Calculate the greatest common divisor of 9 and w.
1
Let z = -47 + 82. Let q = 19 - 10. Suppose 5*h = 16 + q. Calculate the highest common factor of h and z.
5
Suppose -g + 6*g + 2*p = 14, 2*g = 2*p + 14. Suppose g = -q, -80 = -4*b + q + 20. Suppose -4*u + 21 + 11 = 0. What is the highest common factor of b and u?
8
Suppose -14 = 3*a + 4*c + 39, -4*a - 4*c - 68 = 0. Let n be 3/a - 3580/(-25). What is the highest common factor of 13 and n?
13
Suppose 44 = 2*w - 0*w. Let d = -6 + w. Let c be 2/(-3) + (-50)/(-3). Calculate the greatest common factor of d and c.
16
Let y be ((-9)/4)/(15/(-200)). Let c be ((-70)/3)/((-5)/y). Let j = 63 - 43. Calculate the greatest common factor of c and j.
20
Suppose -m - m = -3*v - 7, -4*v + 4*m - 8 = 0. Let g be 5 + v/(2 + -5). Let k be 19/(-1*(-2)/g). What is the highest common divisor of 19 and k?
19
Let c(g) = g**2 + 6*g + 4. Let b(n) = -n + 3. Let r be b(-3). Suppose 2*f = r, 3*o + 4*f = f - 9. Let l be c(o). What is the greatest common factor of 16 and l?
4
Let z be ((-69)/6)/(4/(-88)). What is the greatest common divisor of 23 and z?
23
Suppose 5*u - 3*u - 6 = 0. Let i(l) = l**3 - l**2 - 4*l + 2. Let c be i(u). What is the highest common divisor of 64 and c?
8
Let w be 2/(-3) - -106*(-3)/(-18). What is the highest common divisor of w and 17?
17
Let t(c) = c**3 + 3*c**2 - 4*c + 1. Let w be t(-3). Let f be (-2)/(-8) - (-119)/4. Let x = f - 17. What is the greatest common divisor of x and w?
13
Suppose 4*l - 8 = -a + 18, -4*l - 28 = -2*a. Calculate the highest common factor of a and 9.
9
Let t(p) = 32*p - 7. Let q be t(5). Suppose -5*w = n - 24 - 8, 4*w = 3*n - 39. Calculate the highest common divisor of n and q.
17
Let n(j) = 3*j - 8. Let l be n(4). Suppose 2*r + 184 = 2*x, 5*x - l*r + 2*r - 454 = 0. What is the highest common divisor of x and 36?
18
Let z(k) = 35*k**2 - 4*k - 3. Let s be z(-1). What is the greatest common factor of s and 45?
9
Suppose -6 = 2*z - 4. Let v = z + 25. Calculate the greatest common factor of v and 36.
12
Let y(t) = 4*t + 6. Let v be y(-6). Let f = 31 + -43. Let z = f - v. Calculate the greatest common factor of z and 4.
2
Let k be (1 - (3 - 0))*-1. Let s be 5 + (k - (0 + 3)). Let y be 360/s*(-6)/(-9). What is the highest common divisor of y and 24?
12
Suppose 29 = 5*n - 36. Suppose -6 = -2*g + 2. Suppose 7*f = g*f + 117. What is the greatest common factor of f and n?
13
Let w = -18 + 21. What is the highest common divisor of 9 and w?
3
Suppose -5*o = 3*r - 100, 0 = -6*o + 4*o + 2*r + 40. Let w(d) = -6*d - 6. Let q be w(-11). What is the greatest common factor of o and q?
20
Let c be (-21)/(-28) - 10/(-8). Suppose 564 = 5*r - 36. Suppose -c*a = -5*g + 169, -3*g + 3*a - 8*a = -r. Calculate the highest common factor of 14 and g.
7
Let f(i) be the second derivative of -i**4/12 + 7*i**3/6 - 5*i**2/2 - 8*i. Let s be f(2). Calculate the greatest common divisor of 55 and s.
5
Suppose 0 = -l - 0*l + 11. Suppose -5*g + 4*q - 310 = 0, -g - 2*g - q = 203. Let j = 33 - g. What is the highest common divisor of l and j?
11
Let b = -66 + 129. Calculate the highest common factor of b and 9.
9
Let j be (-3051)/(-45) + 1/5. Calculate the highest common divisor of 102 and j.
34
Suppose -4*s + 168 = -s. Calculate the highest common divisor of s and 7.
7
Let i = 4 - -34. What is the highest common divisor of 418 and i?
38
Let a = -4 - -6. Suppose p = 2*p - 4. Suppose 2*v + 0*x = -x - 1, 5*v = -p*x - 10. What is the greatest common divisor of v and a?
2
Let b(l) = -l**2 - l + 77. Let c be b(0). What is the greatest common factor of 7 and c?
7
Let v be (-288)/112*(-56)/6. Calculate the greatest common factor of 8 and v.
8
Let d be (-6)/(-8)*504/3. Let c be (-1)/(375/d + -3). Calculate the greatest common factor of c and 28.
14
Let p(y) = 5*y**2 + y. Let t be p(-1). Suppose -t*s + 4*v = 8*v - 72, -2*v = 2. What is the highest common divisor of 152 and s?
19
Let y(u) = 6*u - 22. Suppose 2*l + 3*l - 29 = 4*f, 2*f + 10 = 2*l. Let i be y(l). What is the highest common factor of 8 and i?
8
Let p = -211 + 387. Calculate the highest common divisor of 16 and p.
16
Suppose 4*i - 3*u = 14, 5*i = 4*u + 8 + 10. Calculate the greatest common factor of i and 18.
2
Let w(j) = 9*j**3 + 2*j - 1. Let q be w(1). Let n(x) = x**2 - 9*x - 4. Let p be n(q). What is the greatest common factor of 66 and p?
6
Suppose 2*h - 4*h = -2*d + 54, 4*d + h = 123. Let u be (2 + 0)*6/(-4). Let j = u + 6. Calculate the greatest common divisor of d and j.
3
Suppose 53 = -d + 63. Calculate the greatest common divisor of 80 and d.
10
Let h(b) be the second derivative of 4*b**3/3 + 5*b**2/2 + b. Let g be h(-6). Let s = g + 67. Calculate the highest common divisor of 6 and s.
6
Let p(u) = 4*u**2 - 5*u + 6. Let k be p(6). Let s(l) = 4*l + l**2 + l**2 + 3 - l**2. Let g be s(-6). Calculate the highest common divisor of g and k.
15
Let p(k) = k**3 - 7*k**2 - 7*k - 4. Let t be p(8). Let c be 86 - (-1*t)/(-2). What is the highest common divisor of 21 and c?
21
Let a = 239 + -137. Calculate the highest common factor of 34 and a.
34
Let m(z) = 6*z**2 + 2*z - 2. Let i be m(-2). Let p = 9 - 7. Calculate the highest common factor of i and p.
2
Suppose -5*x + 4*c = -180, 4*x - 56 = 5*c + 97. Let b = 108 + -60. What is the greatest common divisor of x and b?
16
Suppose -5*n - 2 = -27. Suppose w - 806 = -w - 2*z, n = -z. Suppose -2*s - s = -w. Calculate the greatest common divisor of 17 and s.
17
Suppose -12 = -2*x + 4*h, 0*x + x + h = 18. Calculate the greatest common factor of x and 126.
14
Let k = 41 + -34. What is the greatest common factor of 7 and k?
7
Suppose a + 2*a - 66 = 0. Let h be 3/(3 - a/8). Suppose 4*f - 5*i = 156 + 46, 2*f = 3*i + 102. What is the highest common factor of f and h?
12
Let z(m) = m + 9. Let u be z(0). Calculate the greatest common divisor of u and 1.
1
Let y be 27*-3*(-4)/6. Let j be (-7 - -6)/(2/(-72)). Calculate the highest common divisor of j and y.
18
Suppose -1190 - 65 = -5*c. Suppose 3*d - d - 480 = -4*t, 3*d + 470 = 4*t. Let j = c - t. What is the greatest common divisor of j and 12?
12
Suppose 5*l = 5, 25 = 3*y - 4*l - l. Suppose -4*v - 1 = -17. Suppose -3*f = 3*x - 7*x + 440, v*f - 550 = -5*x. Calculate the greatest common factor of y and x.
10
Let g(h) = 2*h**2 + 6*h + 3. Let d be g(-4). Let j = 199 - 100. Calculate the greatest common factor of d and j.
11
Let s be (-16)/(-4) + 46/2. What is the greatest common divisor of s and 27?
27
Let h(s) = -3*s - 21. Let p be h(-16). Calculate the greatest common divisor of p and 243.
27
Suppose 0 = -k + 15 + 6. Let v = -3 + k. What is the greatest common divisor of 54 and v?
18
Let p = -57 + 123. What is the greatest common factor of 165 and p?
33
Let d